5?
549
Calculate the highest common divisor of 4685 and 17640899.
937
What is the highest common factor of 72277740 and 360?
180
What is the highest common factor of 374715 and 4345?
55
Calculate the greatest common factor of 90581568 and 132.
132
Calculate the highest common divisor of 2396430 and 2270.
10
Calculate the highest common divisor of 315790959 and 99.
33
Calculate the greatest common divisor of 486816 and 171424.
352
Calculate the greatest common factor of 67 and 2095311368.
67
What is the greatest common factor of 36445 and 1182?
197
What is the greatest common divisor of 116 and 3643183?
29
What is the highest common divisor of 3230 and 45390?
170
What is the greatest common divisor of 8 and 324464864?
8
What is the highest common factor of 24 and 123054?
6
Calculate the highest common divisor of 2920 and 2956208.
584
Calculate the highest common factor of 77434 and 41706.
14
What is the greatest common factor of 116873 and 10585?
73
What is the greatest common factor of 487011450 and 100?
50
What is the highest common factor of 91111449 and 1014?
507
Calculate the greatest common factor of 1092 and 8765757.
273
Calculate the highest common factor of 736 and 6947288.
184
What is the greatest common factor of 47558 and 7218862?
1106
What is the greatest common factor of 667072 and 93184?
448
What is the highest common divisor of 12255 and 695115?
285
What is the greatest common divisor of 598 and 1645834?
46
Calculate the greatest common divisor of 39546 and 144664.
338
Calculate the greatest common divisor of 615334746 and 1014.
1014
Calculate the highest common factor of 747 and 317048463.
747
Calculate the highest common factor of 175266 and 616962.
642
Calculate the highest common factor of 29136 and 16032.
48
Calculate the greatest common factor of 11 and 69633652.
11
What is the highest common divisor of 127583468 and 31660?
6332
Calculate the highest common divisor of 2749932 and 5436.
36
Calculate the greatest common divisor of 975 and 134299100.
325
What is the highest common factor of 4 and 24736508?
4
What is the highest common factor of 17767546 and 437?
437
What is the highest common divisor of 232 and 74103352?
232
What is the greatest common divisor of 1290480 and 107920?
1520
Calculate the greatest common factor of 182 and 59521553.
91
Calculate the highest common divisor of 1964850 and 24.
6
Calculate the highest common factor of 1963928 and 2413.
127
What is the highest common factor of 11441 and 1969198?
673
What is the greatest common factor of 4738 and 61088064?
206
Calculate the greatest common factor of 28623 and 11594618.
329
Calculate the highest common divisor of 10648 and 1758130.
242
Calculate the highest common factor of 42480 and 81936.
144
What is the highest common factor of 991848 and 6270?
66
What is the highest common divisor of 13173147 and 15?
3
What is the greatest common divisor of 515 and 3163645?
515
Calculate the greatest common divisor of 1288 and 8715.
7
Calculate the greatest common divisor of 90 and 114374130.
30
Calculate the greatest common divisor of 2154 and 218805474.
2154
Calculate the greatest common factor of 460608 and 53628.
12
Calculate the highest common factor of 420201 and 37683.
711
Calculate the highest common factor of 106665 and 62415435.
8205
Calculate the highest common divisor of 605 and 3891481.
121
Calculate the highest common factor of 323892 and 333.
9
What is the highest common factor of 1306 and 48871826?
1306
What is the greatest common factor of 70782773 and 86?
43
What is the greatest common divisor of 9712676 and 4?
4
Calculate the greatest common factor of 64 and 39550592.
64
Calculate the highest common divisor of 252867472 and 2960.
592
What is the greatest common divisor of 168133014 and 1764?
882
What is the highest common factor of 48500 and 120280?
1940
What is the highest common divisor of 8480430 and 3402?
378
Calculate the highest common factor of 54108 and 35715789.
4509
What is the greatest common divisor of 502426 and 8702?
458
Calculate the highest common factor of 488 and 255014038.
122
Calculate the greatest common divisor of 58837 and 30311.
17
What is the greatest common factor of 38071685 and 1245?
415
Calculate the greatest common divisor of 6456 and 7959441.
807
What is the greatest common factor of 147 and 12936441?
147
Calculate the highest common divisor of 514 and 80739634.
514
What is the greatest common divisor of 656 and 4387?
41
Calculate the greatest common factor of 3666 and 25121486.
26
What is the greatest common factor of 23939742 and 18?
6
Calculate the highest common factor of 5117664 and 144.
48
Calculate the highest common factor of 290535 and 315.
105
Calculate the highest common divisor of 115269 and 116886.
231
What is the greatest common divisor of 5470 and 31190?
10
Calculate the greatest common divisor of 90809238 and 39.
39
Calculate the highest common factor of 8806383 and 11371.
83
Calculate the greatest common factor of 351 and 929487.
39
Calculate the highest common divisor of 1700352 and 78528.
192
What is the highest common factor of 1477199858 and 5666?
5666
What is the greatest common factor of 5893 and 59711?
71
Calculate the greatest common factor of 3318 and 451403946.
3318
What is the greatest common divisor of 590720 and 140?
20
Calculate the greatest common factor of 444 and 1984474650.
222
Calculate the highest common divisor of 15080 and 442360.
40
What is the highest common factor of 967296857 and 662?
331
What is the highest common divisor of 12 and 3864308?
4
Calculate the greatest common divisor of 417791 and 11172411.
1999
What is the highest common divisor of 91890 and 381690?
90
Calculate the highest common factor of 202831 and 7387.
89
What is the greatest common factor of 3433 and 251491281?
3433
What is the greatest common divisor of 9344 and 1785600?
128
What is the greatest common divisor of 1391136 and 7912?
344
Calculate the highest common divisor of 240389 and 9256327.
2701
Calculate the greatest common divisor of 2854459640 and 2495.
2495
Calculate the greatest common divisor of 227386796 and 203.
203
Calculate the greatest common divisor of 1820 and 1244500.
20
Calculate the greatest common factor of 6220 and 43964.
4
Calculate the highest common factor of 4228189 and 91.
7
Calculate the greatest common factor of 54 and 118813608.
54
Calculate the greatest common factor of 50760 and 25301040.
5640
Calculate the greatest common factor of 151 and 24803109.
151
Calculate the highest common factor of 2396250 and 833625.
3375
Calculate the greatest common factor of 18767914 and 36982.
902
Calculate the highest common divisor of 1446 and 6121.
1
Calculate the greatest common divisor of 293 and 1098721286.
293
Calculate the highest common divisor of 14563985 and 340.
85
Calculate the highest common factor of 61708350 and 150.
150
What is the highest common divisor of 148 and 138172467?
37
Calculate the greatest common divisor of 1840 and 1077634640.
1840
What is the greatest common divisor of 13698 and 30978?
18
Calculate the highest common factor of 3817 and 33583.
11
What is the greatest common divisor of 2283616847 and 46?
23
Calculate the highest common divisor of 4270 and 95774.
14
Calculate the greatest common divisor of 3081582 and 2771573.
4627
Calculate the greatest common divisor of 1172 and 1440800.
4
Calculate the greatest common factor of 19440 and 2304900.
180
Calculate the greatest common factor of 588 and 396949.
49
What is the highest common factor of 1218475 and 183488?
2867
What is the highest common divisor of 7525905 and 981?
327
What is the highest common factor of 1290 and 347335?
5
Calculate the greatest common factor of 26412 and 57412.
124
What is the highest common divisor of 1355 and 622617080?
1355
What is the highest common divisor of 7686 and 353439002?
854
Calculate the highest common divisor of 32 and 46448088.
8
Calculate the greatest common factor of 89159 and 61517.
271
Calculate the greatest common divisor of 224 and 6501348.
28
Calculate the greatest common factor of 1987425 and 569547.
1089
What is the highest common divisor of 1863350664 and 504?
168
What is the greatest common factor of 1352450 and 198?
22
What is the greatest common facto